ase 8
10
c9 (base 15) to base 9
230
24 (base 7) to base 9
20
1 (base 9) to base 12
1
What is 20 (base 3) in base 10?
6
What is 1 (base 6) in base 14?
1
Convert 8 (base 15) to base 14.
8
Convert -27 (base 14) to base 13.
-29
Convert 31 (base 11) to base 15.
24
Convert -47 (base 9) to base 13.
-34
1 (base 8) to base 14
1
What is -115 (base 11) in base 4?
-2021
Convert -2 (base 9) to base 10.
-2
What is 315 (base 6) in base 16?
77
Convert 9 (base 13) to base 10.
9
Convert -111 (base 3) to base 4.
-31
Convert 55 (base 16) to base 13.
67
Convert -112 (base 3) to base 6.
-22
What is -1 (base 10) in base 12?
-1
0 (base 4) to base 6
0
-3 (base 5) to base 6
-3
Convert 85 (base 10) to base 15.
5a
What is 102 (base 5) in base 14?
1d
Convert 154 (base 7) to base 6.
224
What is 14 (base 12) in base 13?
13
What is -113 (base 5) in base 6?
-53
Convert -12 (base 4) to base 10.
-6
-3 (base 9) to base 13
-3
What is 3 (base 4) in base 12?
3
Convert -14 (base 6) to base 11.
-a
Convert -13 (base 11) to base 2.
-1110
-1 (base 16) to base 2
-1
11 (base 3) to base 7
4
10111 (base 2) to base 4
113
Convert 2011 (base 3) to base 13.
46
-71 (base 10) to base 12
-5b
Convert 21 (base 3) to base 9.
7
What is -31 (base 16) in base 11?
-45
What is -21 (base 7) in base 11?
-14
Convert -2 (base 14) to base 3.
-2
-1 (base 14) to base 8
-1
What is -1 (base 15) in base 5?
-1
What is 3 (base 15) in base 11?
3
What is -7 (base 11) in base 2?
-111
What is -2022 (base 3) in base 11?
-57
What is 1 (base 8) in base 2?
1
Convert 45 (base 14) to base 12.
51
What is 0 (base 8) in base 6?
0
d0 (base 14) to base 8
266
What is -10 (base 3) in base 10?
-3
What is b (base 16) in base 4?
23
1011 (base 2) to base 15
b
-4 (base 12) to base 5
-4
What is 0 (base 6) in base 7?
0
3 (base 12) to base 10
3
-56 (base 8) to base 12
-3a
-100022 (base 3) to base 14
-13d
Convert 2 (base 7) to base 11.
2
1d (base 15) to base 16
1c
What is 6 (base 14) in base 15?
6
Convert -3 (base 4) to base 10.
-3
-50 (base 7) to base 3
-1022
Convert 0 (base 7) to base 5.
0
What is -10 (base 15) in base 10?
-15
What is -45 (base 10) in base 4?
-231
Convert 4 (base 10) to base 3.
11
What is 201 (base 8) in base 9?
153
-6d (base 15) to base 9
-124
What is -1 (base 2) in base 12?
-1
-210 (base 4) to base 9
-40
Convert 11 (base 13) to base 3.
112
What is 0 (base 5) in base 15?
0
What is 61 (base 13) in base 2?
1001111
Convert 3 (base 9) to base 15.
3
-5 (base 12) to base 11
-5
Convert 11 (base 6) to base 16.
7
41 (base 10) to base 9
45
-1011110 (base 2) to base 14
-6a
-3 (base 12) to base 3
-10
What is -1 (base 11) in base 4?
-1
1334 (base 6) to base 5
2341
What is -b (base 15) in base 12?
-b
2d (base 14) to base 12
35
Convert -7 (base 10) to base 16.
-7
What is 0 (base 11) in base 16?
0
Convert 3 (base 10) to base 14.
3
Convert 32 (base 16) to base 5.
200
What is 0 (base 6) in base 12?
0
50 (base 12) to base 10
60
-25 (base 7) to base 2
-10011
Convert -38 (base 12) to base 14.
-32
-2 (base 3) to base 7
-2
Convert 12 (base 3) to base 16.
5
Convert -1 (base 4) to base 7.
-1
-1122 (base 6) to base 14
-150
Convert -10 (base 7) to base 11.
-7
-2 (base 7) to base 2
-10
-56 (base 9) to base 2
-110011
3 (base 12) to base 3
10
Convert 0 (base 16) to base 7.
0
12 (base 13) to base 16
f
What is 232 (base 4) in base 6?
114
Convert -4 (base 7) to base 8.
-4
What is 146 (base 7) in base 3?
10002
32 (base 9) to base 13
23
Convert 0 (base 16) to base 10.
0
Convert 230 (base 5) to base 14.
49
What is 20 (base 15) in base 9?
33
Convert 8 (base 15) to base 12.
8
Convert 17 (base 16) to base 15.
18
Convert -42 (base 8) to base 15.
-24
Convert 10 (base 6) to base 5.
11
101 (base 4) to base 9
18
-12 (base 7) to base 14
-9
Convert -11 (base 9) to base 11.
-a
What is 11 (base 2) in base 9?
3
-37 (base 15) to base 10
-52
3 (base 11) to base 13
3
13 (base 15) to base 3
200
-5 (base 12) to base 11
-5
What is -1 (base 11) in base 8?
-1
Convert -40 (base 7) to base 8.
-34
What is -9 (base 11) in base 2?
-1001
Convert 17 (base 9) to base 12.
14
Convert -234 (base 7) to base 14.
-8b
Convert 0 (base 6) to base 2.
0
Convert 2 (base 13) to base 4.
2
What is 1 (base 16) in base 15?
1
-3 (base 6) to base 13
-3
What is 11101 (base 2) in base 6?
45
Convert b (base 16) to base 12.
b
What is -14 (base 10) in base 13?
-11
What is -39 (base 15) in base 12?
-46
What is 92 (base 10) in base 9?
112
4 (base 15) to base 12
4
-23 (base 12) to base 11
-25
What is -123 (base 4) in base 16?
-1b
-21 (base 6) to base 16
-d
-10 (base 5) to base 7
-5
-24 (base 6) to base 15
-11
Convert -19 (base 14) to base 8.
-27
What is 4 (base 11) in base 5?
4
-12 (base 5) to base 9
-7
100 (base 3) to base 10
9
Convert -135 (base 9) to base 14.
-81
2 (base 14) to base 11
2
Convert 1120 (base 5) to base 7.
316
What is 7 (base 13) in base 16?
7
What is 1 (base 5) in base 15?
1
0 (base 9) to base 7
0
Convert -29 (base 11) to base 15.
-21
What is 6 (base 16) in base 11?
6
2 (base 8) to base 10
2
Convert 5 (base 7) to base 10.
5
Convert -2 (base 15) to base 8.
-2
What is -1011 (base 2) in base 6?
-15
Convert -11 (base 6) to base 13.
-7
Convert 5 (base 8) to base 9.
5
What is 5 (base 6) in base 7?
5
-10 (base 3) to base 4
-3
Convert 22 (base 15) to base 7.
44
Convert 67 (base 8) to base 2.
110111
What is 11 (base 3) in base 6?
4
Convert 0 (base 4) to base 2.
0
Convert -31 (base 16) to base 4.
-301
Convert -1b (base 15) to base 14.
-1c
-213 (base 9) to base 10
-174
-2022 (base 3) to base 16
-3e
What is 223 (base 8) in base 13?
b4
-a2 (base 14) to base 8
-216
Convert 2 (base 7) to base 6.
2
What is 44 (base 5) in base 11?
22
Convert -10 (base 4) to base 9.
-4
Convert -1111 (base 2) to base 14.
-11
Convert -6 (base 7) to base 13.
-6
What is -13 (base 6) in base 12?
-9
-22 (base 8) to base 7
-24
What is -101111 (base 2) in base 13?
-38
Convert -151 (base 9) to base 7.
-241
What is -22 (base 6) in base 14?
-10
47 (base 14) to base 4
333
-10 (base 6) to base 15
-6
Convert -32 (base 4) to base 8.
-16
-10 (base 2) to base 12
-2
Convert 0 (base 11) to base 12.
0
-10 (base 2) to base 14
-2
What is -22 (base 9) in base 15?
-15
What is a (base 15) in base 8?
12
What is -15 (base 11) in base 16?
-10
What is -2 (base 12) in base 11?
-2
-11 (base 13) to base 8
-16
What is 25 (base 14) in base 10?
33
What is -11010 (base 2) in base 5?
-101
-10 (base 3) to base 16
-3
What is -31 (base 4) in base 11?
-12
Convert -7 (base 10) to base 6.
-11
What is -38 (base 9) in base 6?
-55
What is -5 (base 13) in base 8?
-5
What is 16 (base 9) in base 3?
120
-11 (base 10) to base 12
-b
12 (base 7) to base 2
1001
What is 2 (base 3) in base 14?
2
What is 2 (base 15) in base 4?
2
What is 110000 (base 2) in base 6?
120
Convert -100111 (base 2) to base 11.
-36
10111 (base 2) to base 14
19
Convert 9 (base 14) to base 10.
9
What is 42 (base 6) in base 4?
122
-b (base 14) to base 2
-1011
-2 (base 10) to base 5
-2
What is -25 (base 16) in base 6?
-101
What is 2 (base 15) in base 9?
2
What is 1 (base 3) in base 5?
1
What is 45 (base 16) in base 5?
234
What is -21 (base 11) in base 7?
-32
What is 23 (base 13) in base 10?
29
What is -d (base 15) in base 2?
-1101
What is 1101 (base 2) in base 7?
16
What is -5 (base 15) in base 8?
-5
Convert -5 (base 16) to base 13.
-5
Convert -101020 (base 3) to base 11.
-231
What is 19 (base 13) in base 6?
34
-2 (base 9) to base 11
-2
What is -4 (base 6) in base 13?
-4
-7 (base 12) to base 13
-7
What is 1010 (base 2) in base 16?
a
-46 (base 10) to base 9
-51
What is -1 (base 13) in base 7?
-1
What is 11 (base 3) in base 14?
4
Convert -8 (base 14) to base 15.
-8
Convert -135 (base 6) to base 14.
-43
Convert -110 (base 4) to base 5.
-40
What is -3 (base 9) in base 14?
-3
Convert -6 (base 15) to base 8.
-6
What is 23 (base 8) in base 3?
201
Convert -120 (base 15) to base 9.
-313
Convert 38 (base 14) to base 5.
200
What is 1 (base 11) in base 14?
1
-59 (base 16) to base 8
-131
What is 54 (base 8) in base 10?
44
What is -25 (base 15) in base 4?
-203
What is -10011101 (base 2) in base 9?
-184
What is -15 (base 8) in base 10?
-13
What is -1122 (base 4) in base 16?
-5a
What is -9 (base 13) in base 15?
-9
111 (base 3) to base 6
21
What is 1 (base 13) in base 3?
1
What is -6 (base 12) in base 3?
-20
Convert 1133 (bas